, 0*q = q + 4*g - 303. Is q a composite number?
False
Is ((-904)/(-32))/(2/40) a prime number?
False
Suppose -2*b - 3*b + 15 = 0. Suppose -b*o - 20 = -53. Is o a prime number?
True
Is (-31129)/(-35) - (-6)/(-15) prime?
False
Suppose 3*j - 36 = -j. Let f be (-6)/24 - j/(-4). Is 298/(-4)*(-4)/f a prime number?
True
Let g = 160 + -81. Is g prime?
True
Let g(j) = 5*j**2 + 11*j - 12. Let c(b) = 2*b**2 + 5*b - 6. Let l(n) = -9*c(n) + 4*g(n). Is l(7) a prime number?
True
Suppose -1167 = -c - 2*c. Is c a composite number?
False
Let k(c) = 2*c**3 + c**2 + c - 1. Let s be k(1). Suppose -s*x + 12 = -66. Is x prime?
False
Suppose w = 6*w + 105. Is (9 + -2)/((-3)/w) composite?
True
Suppose n - 4*n = 5*l - 143, 5*n = 3*l + 227. Is n a prime number?
False
Suppose 3*j - 1611 = 4*p, 0 = 4*j - 2*p + 5*p - 2173. Is j prime?
True
Is (12/24)/((-1)/(-1306)) a composite number?
False
Suppose -5*v = 5*i - 490, -5*v = 2*i - 269 - 230. Suppose 0 = 3*x - 178 - v. Is x a prime number?
False
Let s = -2651 - -4012. Is s a composite number?
False
Let j be 2 - (-2 - (1 - 2)). Let a be 2 + j/3*57. Is (a - -1) + (-6 - -3) prime?
False
Let d(m) = m**2 - m + 118. Let z = -5 + 5. Is d(z) a prime number?
False
Let z(s) = -35*s - 3. Suppose 2*d + 8 = 4*d - p, -2*p = 3*d - 12. Suppose d*o = -4 - 4. Is z(o) composite?
False
Let p(h) = 24*h**2 - 3*h + 2. Is p(3) a composite number?
True
Suppose -c + 3*r = 12 + 1, 3*c - 3*r = -9. Suppose c*t = p - 4*p + 82, 0 = -t - 5*p + 27. Is t a composite number?
False
Suppose 2 + 4 = -v. Let p(k) = 6*k + 5. Let o(n) = -6*n - 5. Let z(g) = -3*o(g) - 4*p(g). Is z(v) prime?
True
Let c be (1 + (2 - 1))*-1. Let g(k) = 29*k**2. Let o be g(c). Let d = o + -82. Is d composite?
True
Let h(z) = -z**3 + 7*z**2 - 3*z + 9. Let j be h(7). Let s(o) = -2*o - 45. Let g be s(24). Is g/(-1)*(-4)/j composite?
False
Suppose 3*c - 45 = -5*j - 2*c, 0 = j - 3*c + 11. Suppose -j*o + o + 93 = 0. Is o a composite number?
False
Suppose 3*h = -0*h + 4*m - 16, -8 = -2*m. Suppose i + 4 = h, -2*o - 3*o = 3*i - 113. Is o composite?
True
Is (11/22)/(2/1204) a composite number?
True
Suppose 0 = -4*b + 7*b - 15. Let z(x) = 2*x**3 - 8*x**2 + 3*x + 2. Is z(b) a prime number?
True
Suppose 8*h - 308 - 4724 = 0. Is h a composite number?
True
Suppose 2*x = -3*q + 7*x + 128, -3*x - 189 = -4*q. Is q a prime number?
False
Let f(a) = a**2 + 6*a**2 - 5 + 5*a - 2*a. Is f(-4) a composite number?
True
Let w = 227 - -356. Is w composite?
True
Suppose -h - 2492 = -5*a, -3*a + 5*h + 1981 = a. Is a a prime number?
True
Let q be 1/(1*1/257). Suppose 2*a = h - 4*h + q, h = 2*a + 99. Is h a prime number?
True
Let f(v) = v - 1. Let a be f(-5). Let i(p) = -59*p + 2. Let k be i(a). Suppose n + 3*n = k. Is n prime?
True
Suppose 3*u - 10 - 11 = 0. Is 3*u*21/9 a prime number?
False
Let w = 2 - -1. Let f = 28 + w. Is f composite?
False
Let j be 1/(-2) - (-172)/8. Suppose -2*d + 149 = -j. Is d prime?
False
Let d = 121 - 6. Is d a prime number?
False
Suppose 0 = -133*d + 138*d - 10515. Is d prime?
False
Let c be 90 - 2*(-1)/2. Let x(a) = -3*a**2. Let y be x(-4). Let i = c + y. Is i a prime number?
True
Is 206/(-3)*18/(-12) prime?
True
Suppose u + 1143 = 2*t + 3*t, -3*u = 3*t - 675. Suppose 4*h + 228 = 4*d, -5*d + 51 + t = -2*h. Is d a composite number?
True
Let i(o) = -o**2 + 7*o + 3. Let z be i(7). Let h(n) = 5*n - 86*n**z - 2*n - 2*n + 2*n**2. Is h(-1) a composite number?
True
Suppose 16 = 6*u - 2*u. Suppose u*h = h + 57. Is h a prime number?
True
Let g(b) = b + 368. Let j be g(0). Suppose 5*c - 495 = -2*k, -4*c + 3*k + j = -k. Is c a prime number?
True
Let r = -525 - -370. Suppose 0*c - 5*c + 10 = 0, -502 = 5*s - c. Let k = s - r. Is k a prime number?
False
Let g(y) = y**3 + 10*y**2 - 5*y + 14. Let x be g(-10). Let j(v) = -v + 7. Let r be j(5). Is 1 + 0 + x/r composite?
True
Suppose 3*q - 290 = 4981. Is q composite?
True
Is (26/12 - (-3)/(-18)) + 179 a composite number?
False
Let o be (2 + 4/2)/2. Suppose o*n - i = 3*i + 182, 0 = -4*i + 4. Is n prime?
False
Suppose 4*r = 3*t - 910, 3*t - r - 1235 = -t. Is t/4 - (-7)/(-14) prime?
False
Suppose 0 = -3*r + 2 + 1. Let t be r + (-3)/((-9)/30). Let h = t + -5. Is h prime?
False
Is (-1)/3 - ((-6722)/6 - 6) a composite number?
True
Let h = 888 + -479. Is h a prime number?
True
Suppose 3*c - 313 - 251 = 0. Let m = -220 - -111. Let z = m + c. Is z a composite number?
False
Let u(y) = y + 8. Let a be u(-6). Let i(c) = -4*c + 2. Let g be i(0). Suppose 0*l + 365 = t - a*l, 2*t - g*l = 736. Is t a prime number?
False
Let m(p) = p**2 - 2*p. Let y be m(3). Suppose 66 = -5*t + 4*d, 46 = -y*t + 3*d + d. Let r = 29 + t. Is r a composite number?
False
Let b = -2757 - -4288. Is b composite?
False
Suppose 3*v - 67 = 11. Suppose -2*m + v = -m. Is m composite?
True
Is (12/(-18))/(2/(-6057)) prime?
False
Let z(o) = -9*o**3 + 3*o**2 - 4*o - 4. Let g be z(-4). Is 10/3*g/8 a prime number?
False
Let w(g) = g**2 - 3*g - 2. Let x be w(4). Let o(h) = -2 + h**3 + 6*h**2 - h**3 - h**3 - x*h. Is o(5) composite?
False
Let h = -74 - -127. Is h a prime number?
True
Let t(l) = -2 + 3*l - 1 + 9*l**2 + l**3 - 2*l**3 + 9*l. Is t(8) prime?
True
Suppose 0 = 4*p - 13496 - 14316. Is p a prime number?
False
Suppose i - x - 4 = 0, -18 = -5*i + x + 10. Is 136/i - 5/(-15) a prime number?
True
Suppose -10*d - 330 = -15*d. Let k(b) = b - 2. Let u be k(4). Suppose -47 = -u*p - w, 5*w - d - 54 = -5*p. Is p a prime number?
True
Let z(b) = 10*b**3 + 37*b**2 - 31*b + 7. Let r(x) = 7*x**3 + 25*x**2 - 21*x + 5. Let i(f) = 7*r(f) - 5*z(f). Let d be i(-8). Let a = d + 271. Is a composite?
False
Suppose -4*j + 5083 = 3*i, -2*i + 4*j + 8461 = 3*i. Is i prime?
True
Let j(l) = 93*l + 1. Let c be j(-1). Let y be 0 - (-1 + c/(-1)). Let t = -54 - y. Is t a composite number?
False
Suppose 35 = 3*s + 2*s + 3*z, 29 = s + 5*z. Suppose 4*b = b + i + 110, 147 = s*b - i. Is b/(-2)*(-2)/1 prime?
True
Let o be 2/(-3) + 30/(-9). Is 22/(o - -6)*5 prime?
False
Let a(o) = -6*o**3 - 9*o**2 + o + 10. Let l(g) = 5*g**3 + 8*g**2 - 2*g - 9. Let d(v) = 4*a(v) + 5*l(v). Is d(-4) a composite number?
False
Let s(k) = 2*k**2 - 8*k + 9. Is s(-7) a prime number?
True
Let s(l) = l**3 + 4*l**2 + 6*l + 13. Is s(6) prime?
True
Let y(j) = j**2 - j. Let g be y(2). Suppose 10 = -z + 4*i - 0*i, g*z = -4*i + 40. Is z composite?
True
Is (-293 - -6)/(-2 + 1) prime?
False
Let g = -4142 + 6661. Is g a prime number?
False
Let y(r) = 2*r**2 + 4*r - 5. Suppose -2*m - 15 = 5*n, -3*m - 3 = n - m. Let c be (-1*3)/(n/(-4)). Is y(c) prime?
True
Suppose 8*m - 7*m = 5509. Is m a prime number?
False
Let i(h) be the first derivative of -4*h**2 - 11*h + 1. Is i(-8) prime?
True
Suppose 16 - 442 = 3*i - 5*y, 3*y + 744 = -5*i. Let j = 268 + i. Is j a prime number?
False
Suppose -j + 4*w = 2*j - 797, j + 5*w = 272. Is j a prime number?
False
Let m = 5 + 9. Suppose -m = -2*u + u. Is u composite?
True
Let u(a) = a**3 - 4*a**2 + 2. Let g be (-10)/(-1) - (1 + 2). Is u(g) prime?
True
Let c(u) = -u**3 + 9*u**2 - 9*u. Let y = 6 - -1. Is c(y) prime?
False
Let i = 74 - -57. Is i a prime number?
True
Let j(z) be the first derivative of -47*z**2/2 - 13*z - 1. Is j(-10) a prime number?
True
Suppose 0 = 8*b - 195 - 5701. Is b a composite number?
True
Let z be (-1)/((3/17)/3). Let x = z - -7. Is 4/x + (-154)/(-10) composite?
True
Let o(v) = v**3 - v**2 + 149. Suppose -2*l + 5*q - 1 + 21 = 0, -2*q = 5*l + 8. Is o(l) a prime number?
True
Let r(b) = -b + 5. Let l be r(-5). Suppose 2 + l = 3*d. Suppose 3*x - d*n = 245, 0 = -7*x + 4*x + n + 248. Is x prime?
True
Let s(q) = 2*q**3 + 6*q**2 + 9*q - 3. Is s(8) prime?
False
Suppose 0 = -4*b + 23497 + 3715. Is b composite?
False
Let l(m) = -m**2 + 8*m + 2. Let a be l(8). Suppose 85 - 11 = a*n. Is n a composite number?
False
Let t(a) = a + 1. Let r be t(1). Let f be -2*(r - 1)*-1. Suppose f*g + 5*l = 5*g - 131, -g + l + 41 = 0. Is g a composite number?
False
Suppose 5*q = -0*q + 745. Is q composite?
False
Is (46/6)/(3/63) a prime number?
False
Suppose -z - 3*a = -14, -16 = -3*z - 4*a + 11. Let u(h) = h**2 - 3*h - 3. Is u(z) prime?
True
Let q(a) = -a**2 - 6*a + 4. Let n be q(-6). Suppose -22 + 2 = -n*x - 2*u, -5*x + 2*u = -43. Is x prime?
True
Suppose 3*b + t = 328 + 916, 0 = 5*t - 25. Is b a composite number?
True
Let q(l) = 48*l - 1. Let y be q(-8)